{"id":25,"date":"2023-11-18T14:47:15","date_gmt":"2023-11-18T17:47:15","guid":{"rendered":"https:\/\/seguranca.gruposintese.com\/?page_id=25"},"modified":"2024-02-11T13:12:59","modified_gmt":"2024-02-11T16:12:59","slug":"cursos-e-treinamentos","status":"publish","type":"page","link":"https:\/\/seguranca.gruposintese.com\/index.php\/cursos-e-treinamentos\/","title":{"rendered":"Cursos e Treinamentos"},"content":{"rendered":"\n<p>Selecione abaixo treinamento desejado. Caso n\u00e3o encontre aquilo que procura, entre em contato que buscaremos um profissional adequado a atender sua demanda.<\/p>\n\n\n\n<p><\/p>\n\n\n<div class=\"wp-block-ub-content-toggle wp-block-ub-content-toggle-block\" id=\"ub-content-toggle-block-4b20f3d1-3a7e-4991-a96a-348727f08c55\" data-mobilecollapse=\"false\" data-desktopcollapse=\"true\" data-preventcollapse=\"false\" data-showonlyone=\"true\">\n<div class=\"wp-block-ub-content-toggle-accordion\" style=\"border-color: #f1f1f1;\" id=\"ub-content-toggle-panel-block-42437666-1c12-4063-817d-9d2c211dcf20\">\n\t\t\t<div class=\"wp-block-ub-content-toggle-accordion-title-wrap\" style=\"background-color: #f1f1f1;\" aria-controls=\"ub-content-toggle-panel-0-4b20f3d1-3a7e-4991-a96a-348727f08c55\" tabindex=\"0\">\n\t\t\t<p class=\"wp-block-ub-content-toggle-accordion-title ub-content-toggle-title-4b20f3d1-3a7e-4991-a96a-348727f08c55\" style=\"color: #000000; \">GRUPO SINTESE &#8211; TREINAMENTOS<\/p>\n\t\t\t<div class=\"wp-block-ub-content-toggle-accordion-toggle-wrap right\" style=\"color: #000000;\"><span class=\"wp-block-ub-content-toggle-accordion-state-indicator wp-block-ub-chevron-down\"><\/span><\/div>\n\t\t<\/div>\n\t\t\t<div role=\"region\" aria-expanded=\"false\" class=\"wp-block-ub-content-toggle-accordion-content-wrap ub-hide\" id=\"ub-content-toggle-panel-0-4b20f3d1-3a7e-4991-a96a-348727f08c55\">\n\n<p><\/p>\n\n\n<div class=\"wp-block-ub-content-toggle wp-block-ub-content-toggle-block\" id=\"ub-content-toggle-block-4fd51020-18b8-4437-a5cc-29afdc7ae885\" data-mobilecollapse=\"false\" data-desktopcollapse=\"true\" data-preventcollapse=\"false\" data-showonlyone=\"false\">\n<div class=\"wp-block-ub-content-toggle-accordion\" style=\"border-color: #f1f1f1;\" id=\"ub-content-toggle-panel-block-\">\n\t\t\t<div class=\"wp-block-ub-content-toggle-accordion-title-wrap\" style=\"background-color: #f1f1f1;\" aria-controls=\"ub-content-toggle-panel-0-4fd51020-18b8-4437-a5cc-29afdc7ae885\" tabindex=\"0\">\n\t\t\t<p class=\"wp-block-ub-content-toggle-accordion-title ub-content-toggle-title-4fd51020-18b8-4437-a5cc-29afdc7ae885\" style=\"color: #000000; \">Gerenciamento de Crises envolvendo Agressor Ativo<\/p>\n\t\t\t<div class=\"wp-block-ub-content-toggle-accordion-toggle-wrap right\" style=\"color: #000000;\"><span class=\"wp-block-ub-content-toggle-accordion-state-indicator wp-block-ub-chevron-down\"><\/span><\/div>\n\t\t<\/div>\n\t\t\t<div role=\"region\" aria-expanded=\"false\" class=\"wp-block-ub-content-toggle-accordion-content-wrap ub-hide\" id=\"ub-content-toggle-panel-0-4fd51020-18b8-4437-a5cc-29afdc7ae885\">\n\n<p><\/p>\n\n<\/div>\n\t\t<\/div>\n\n<div class=\"wp-block-ub-content-toggle-accordion\" style=\"border-color: #f1f1f1;\" id=\"ub-content-toggle-panel-block-\">\n\t\t\t<div class=\"wp-block-ub-content-toggle-accordion-title-wrap\" style=\"background-color: #f1f1f1;\" aria-controls=\"ub-content-toggle-panel-1-4fd51020-18b8-4437-a5cc-29afdc7ae885\" tabindex=\"0\">\n\t\t\t<p class=\"wp-block-ub-content-toggle-accordion-title ub-content-toggle-title-4fd51020-18b8-4437-a5cc-29afdc7ae885\" style=\"color: #000000; \">Operador de Pistola &#8211; B\u00e1sico<\/p>\n\t\t\t<div class=\"wp-block-ub-content-toggle-accordion-toggle-wrap right\" style=\"color: #000000;\"><span class=\"wp-block-ub-content-toggle-accordion-state-indicator wp-block-ub-chevron-down\"><\/span><\/div>\n\t\t<\/div>\n\t\t\t<div role=\"region\" aria-expanded=\"false\" class=\"wp-block-ub-content-toggle-accordion-content-wrap ub-hide\" id=\"ub-content-toggle-panel-1-4fd51020-18b8-4437-a5cc-29afdc7ae885\">\n\n<p><\/p>\n\n<\/div>\n\t\t<\/div>\n\n<div class=\"wp-block-ub-content-toggle-accordion\" style=\"border-color: #f1f1f1;\" id=\"ub-content-toggle-panel-block-\">\n\t\t\t<div class=\"wp-block-ub-content-toggle-accordion-title-wrap\" style=\"background-color: #f1f1f1;\" aria-controls=\"ub-content-toggle-panel-2-4fd51020-18b8-4437-a5cc-29afdc7ae885\" tabindex=\"0\">\n\t\t\t<p class=\"wp-block-ub-content-toggle-accordion-title ub-content-toggle-title-4fd51020-18b8-4437-a5cc-29afdc7ae885\" style=\"color: #000000; \">Operador de Fuzil &#8211; B\u00e1sico<\/p>\n\t\t\t<div class=\"wp-block-ub-content-toggle-accordion-toggle-wrap right\" style=\"color: #000000;\"><span class=\"wp-block-ub-content-toggle-accordion-state-indicator wp-block-ub-chevron-down\"><\/span><\/div>\n\t\t<\/div>\n\t\t\t<div role=\"region\" aria-expanded=\"false\" class=\"wp-block-ub-content-toggle-accordion-content-wrap ub-hide\" id=\"ub-content-toggle-panel-2-4fd51020-18b8-4437-a5cc-29afdc7ae885\">\n\n<p><\/p>\n\n<\/div>\n\t\t<\/div>\n<\/div>\n<\/div>\n\t\t<\/div>\n<\/div>\n\n\n<p>Profissionais Parceiros<\/p>\n\n\n<div class=\"wp-block-ub-content-toggle wp-block-ub-content-toggle-block\" id=\"ub-content-toggle-block-f13ca45f-388a-48ee-8592-9c78e5a43e03\" data-mobilecollapse=\"false\" data-desktopcollapse=\"true\" data-preventcollapse=\"false\" data-showonlyone=\"true\">\n<div class=\"wp-block-ub-content-toggle-accordion\" style=\"border-color: #f1f1f1;\" id=\"ub-content-toggle-panel-block-53dc7e04-13ec-4502-b0d9-03b481224735\">\n\t\t\t<div class=\"wp-block-ub-content-toggle-accordion-title-wrap\" style=\"background-color: #f1f1f1;\" aria-controls=\"ub-content-toggle-panel-0-f13ca45f-388a-48ee-8592-9c78e5a43e03\" tabindex=\"0\">\n\t\t\t<p class=\"wp-block-ub-content-toggle-accordion-title ub-content-toggle-title-f13ca45f-388a-48ee-8592-9c78e5a43e03\" style=\"color: #000000; \">NACIONAL<\/p>\n\t\t\t<div class=\"wp-block-ub-content-toggle-accordion-toggle-wrap right\" style=\"color: #000000;\"><span class=\"wp-block-ub-content-toggle-accordion-state-indicator wp-block-ub-chevron-down\"><\/span><\/div>\n\t\t<\/div>\n\t\t\t<div role=\"region\" aria-expanded=\"false\" class=\"wp-block-ub-content-toggle-accordion-content-wrap ub-hide\" id=\"ub-content-toggle-panel-0-f13ca45f-388a-48ee-8592-9c78e5a43e03\">\n\n<div class=\"guten-element guten-accordions guten-9FdSdm\"><\/div>\n\n<\/div>\n\t\t<\/div>\n<\/div>\n\n<div class=\"wp-block-ub-content-toggle wp-block-ub-content-toggle-block\" id=\"ub-content-toggle-block-7fce3f7f-2175-4f11-bf7e-773df9c0aa90\" data-mobilecollapse=\"false\" data-desktopcollapse=\"true\" data-preventcollapse=\"false\" data-showonlyone=\"true\">\n<div class=\"wp-block-ub-content-toggle-accordion\" style=\"border-color: #f1f1f1;\" id=\"ub-content-toggle-panel-block-9094ade1-926d-4d90-bbc5-1e2b15aaa581\">\n\t\t\t<div class=\"wp-block-ub-content-toggle-accordion-title-wrap\" style=\"background-color: #f1f1f1;\" aria-controls=\"ub-content-toggle-panel-0-7fce3f7f-2175-4f11-bf7e-773df9c0aa90\" tabindex=\"0\">\n\t\t\t<p class=\"wp-block-ub-content-toggle-accordion-title ub-content-toggle-title-7fce3f7f-2175-4f11-bf7e-773df9c0aa90\" style=\"color: #000000; \">ESTADUAIS<\/p>\n\t\t\t<div class=\"wp-block-ub-content-toggle-accordion-toggle-wrap right\" style=\"color: #000000;\"><span class=\"wp-block-ub-content-toggle-accordion-state-indicator wp-block-ub-chevron-down\"><\/span><\/div>\n\t\t<\/div>\n\t\t\t<div role=\"region\" aria-expanded=\"false\" class=\"wp-block-ub-content-toggle-accordion-content-wrap ub-hide\" id=\"ub-content-toggle-panel-0-7fce3f7f-2175-4f11-bf7e-773df9c0aa90\">\n\n<p><\/p>\n\n\n<div class=\"wp-block-ub-content-toggle wp-block-ub-content-toggle-block\" id=\"ub-content-toggle-block-24fc490c-91d8-4804-ada0-cafe46e00b5b\" data-mobilecollapse=\"false\" data-desktopcollapse=\"true\" data-preventcollapse=\"false\" data-showonlyone=\"true\">\n<div class=\"wp-block-ub-content-toggle-accordion\" style=\"border-color: #f1f1f1;\" id=\"ub-content-toggle-panel-block-f7495825-7fe2-4121-9057-ab2dc5c62905\">\n\t\t\t<div class=\"wp-block-ub-content-toggle-accordion-title-wrap\" style=\"background-color: #f1f1f1;\" aria-controls=\"ub-content-toggle-panel-0-24fc490c-91d8-4804-ada0-cafe46e00b5b\" tabindex=\"0\">\n\t\t\t<p class=\"wp-block-ub-content-toggle-accordion-title ub-content-toggle-title-24fc490c-91d8-4804-ada0-cafe46e00b5b\" style=\"color: #000000; \">Distrito Federal<\/p>\n\t\t\t<div class=\"wp-block-ub-content-toggle-accordion-toggle-wrap right\" style=\"color: #000000;\"><span class=\"wp-block-ub-content-toggle-accordion-state-indicator wp-block-ub-chevron-down\"><\/span><\/div>\n\t\t<\/div>\n\t\t\t<div role=\"region\" aria-expanded=\"false\" class=\"wp-block-ub-content-toggle-accordion-content-wrap ub-hide\" id=\"ub-content-toggle-panel-0-24fc490c-91d8-4804-ada0-cafe46e00b5b\">\n\n<p><\/p>\n\n\n<div class=\"wp-block-ub-content-toggle wp-block-ub-content-toggle-block\" id=\"ub-content-toggle-block-5896bd39-c19e-4784-bd5b-f3817c4d139e\" data-mobilecollapse=\"false\" data-desktopcollapse=\"true\" data-preventcollapse=\"false\" data-showonlyone=\"true\">\n<div class=\"wp-block-ub-content-toggle-accordion\" style=\"border-color: #f1f1f1;\" id=\"ub-content-toggle-panel-block-512609fa-3b85-4488-a354-3fc610427c60\">\n\t\t\t<div class=\"wp-block-ub-content-toggle-accordion-title-wrap\" style=\"background-color: #f1f1f1;\" aria-controls=\"ub-content-toggle-panel-0-5896bd39-c19e-4784-bd5b-f3817c4d139e\" tabindex=\"0\">\n\t\t\t<p class=\"wp-block-ub-content-toggle-accordion-title ub-content-toggle-title-5896bd39-c19e-4784-bd5b-f3817c4d139e\" style=\"color: #000000; \">Cursos e Treinamentos<\/p>\n\t\t\t<div class=\"wp-block-ub-content-toggle-accordion-toggle-wrap right\" style=\"color: #000000;\"><span class=\"wp-block-ub-content-toggle-accordion-state-indicator wp-block-ub-chevron-down\"><\/span><\/div>\n\t\t<\/div>\n\t\t\t<div role=\"region\" aria-expanded=\"false\" class=\"wp-block-ub-content-toggle-accordion-content-wrap ub-hide\" id=\"ub-content-toggle-panel-0-5896bd39-c19e-4784-bd5b-f3817c4d139e\">\n\n<p><\/p>\n\n\n<div class=\"wp-block-ub-content-toggle wp-block-ub-content-toggle-block\" id=\"ub-content-toggle-block-d22be3ae-b4be-4559-aa6c-c96ba43acc53\" data-mobilecollapse=\"false\" data-desktopcollapse=\"true\" data-preventcollapse=\"false\" data-showonlyone=\"true\">\n<div class=\"wp-block-ub-content-toggle-accordion\" style=\"border-color: #f1f1f1;\" id=\"ub-content-toggle-panel-block-bd09572c-ef55-4cb7-857b-0e698be34ee7\">\n\t\t\t<div class=\"wp-block-ub-content-toggle-accordion-title-wrap\" style=\"background-color: #f1f1f1;\" aria-controls=\"ub-content-toggle-panel-0-d22be3ae-b4be-4559-aa6c-c96ba43acc53\" tabindex=\"0\">\n\t\t\t<p class=\"wp-block-ub-content-toggle-accordion-title ub-content-toggle-title-d22be3ae-b4be-4559-aa6c-c96ba43acc53\" style=\"color: #000000; \">Hunter Combat &#8211; Tactical Training<\/p>\n\t\t\t<div class=\"wp-block-ub-content-toggle-accordion-toggle-wrap right\" style=\"color: #000000;\"><span class=\"wp-block-ub-content-toggle-accordion-state-indicator wp-block-ub-chevron-down\"><\/span><\/div>\n\t\t<\/div>\n\t\t\t<div role=\"region\" aria-expanded=\"false\" class=\"wp-block-ub-content-toggle-accordion-content-wrap ub-hide\" id=\"ub-content-toggle-panel-0-d22be3ae-b4be-4559-aa6c-c96ba43acc53\">\n\n<p><a href=\"https:\/\/www.instagram.com\/Huntercombatoficial\/\">https:\/\/www.instagram.com\/Huntercombatoficial\/<\/a><\/p>\n\n\n\n<p><\/p>\n\n\n\n<p>Equipe formada por experientes operadores da Divis\u00e3o de Opera\u00e7\u00f5es Especiais da Policia Civil do Distrito Federal (DOE-PCDF),  a Hunter Combat ministra treinamentos para policiais e CAC\u00b4s em diversas \u00e1rea tem\u00e1ticas.<\/p>\n\n<\/div>\n\t\t<\/div>\n<\/div>\n<\/div>\n\t\t<\/div>\n<\/div>\n<\/div>\n\t\t<\/div>\n\n<div class=\"wp-block-ub-content-toggle-accordion\" style=\"border-color: #f1f1f1;\" id=\"ub-content-toggle-panel-block-71bfa712-99c6-4f3a-8958-8e580b7e27a0\">\n\t\t\t<div class=\"wp-block-ub-content-toggle-accordion-title-wrap\" style=\"background-color: #f1f1f1;\" aria-controls=\"ub-content-toggle-panel-1-24fc490c-91d8-4804-ada0-cafe46e00b5b\" tabindex=\"0\">\n\t\t\t<p class=\"wp-block-ub-content-toggle-accordion-title ub-content-toggle-title-24fc490c-91d8-4804-ada0-cafe46e00b5b\" style=\"color: #000000; \">S\u00e3o Paulo<\/p>\n\t\t\t<div class=\"wp-block-ub-content-toggle-accordion-toggle-wrap right\" style=\"color: #000000;\"><span class=\"wp-block-ub-content-toggle-accordion-state-indicator wp-block-ub-chevron-down\"><\/span><\/div>\n\t\t<\/div>\n\t\t\t<div role=\"region\" aria-expanded=\"false\" class=\"wp-block-ub-content-toggle-accordion-content-wrap ub-hide\" id=\"ub-content-toggle-panel-1-24fc490c-91d8-4804-ada0-cafe46e00b5b\">\n\n<p><\/p>\n\n\n<div class=\"wp-block-ub-content-toggle wp-block-ub-content-toggle-block\" id=\"ub-content-toggle-block-4ff7f2f0-113f-4e18-847e-98e10e9d4733\" data-mobilecollapse=\"false\" data-desktopcollapse=\"true\" data-preventcollapse=\"false\" data-showonlyone=\"true\">\n<div class=\"wp-block-ub-content-toggle-accordion\" style=\"border-color: #f1f1f1;\" id=\"ub-content-toggle-panel-block-e5e59272-cc81-4142-bdd3-2b2d54eeac6e\">\n\t\t\t<div class=\"wp-block-ub-content-toggle-accordion-title-wrap\" style=\"background-color: #f1f1f1;\" aria-controls=\"ub-content-toggle-panel-0-4ff7f2f0-113f-4e18-847e-98e10e9d4733\" tabindex=\"0\">\n\t\t\t<p class=\"wp-block-ub-content-toggle-accordion-title ub-content-toggle-title-4ff7f2f0-113f-4e18-847e-98e10e9d4733\" style=\"color: #000000; \">Clubes de Tiro<\/p>\n\t\t\t<div class=\"wp-block-ub-content-toggle-accordion-toggle-wrap right\" style=\"color: #000000;\"><span class=\"wp-block-ub-content-toggle-accordion-state-indicator wp-block-ub-chevron-down\"><\/span><\/div>\n\t\t<\/div>\n\t\t\t<div role=\"region\" aria-expanded=\"false\" class=\"wp-block-ub-content-toggle-accordion-content-wrap ub-hide\" id=\"ub-content-toggle-panel-0-4ff7f2f0-113f-4e18-847e-98e10e9d4733\">\n\n<p><\/p>\n\n\n<div class=\"wp-block-ub-content-toggle wp-block-ub-content-toggle-block\" id=\"ub-content-toggle-block-5c87299a-2f5c-44d6-a1a5-941fe83c23c7\" data-mobilecollapse=\"false\" data-desktopcollapse=\"false\" data-preventcollapse=\"false\" data-showonlyone=\"false\">\n<div class=\"wp-block-ub-content-toggle-accordion\" style=\"border-color: #f1f1f1;\" id=\"ub-content-toggle-panel-block-5c87299a-2f5c-44d6-a1a5-941fe83c23c7\">\n\t\t\t<div class=\"wp-block-ub-content-toggle-accordion-title-wrap\" style=\"background-color: #f1f1f1;\" aria-controls=\"ub-content-toggle-panel-0-5c87299a-2f5c-44d6-a1a5-941fe83c23c7\" tabindex=\"0\">\n\t\t\t<p class=\"wp-block-ub-content-toggle-accordion-title ub-content-toggle-title-5c87299a-2f5c-44d6-a1a5-941fe83c23c7\" style=\"color: #000000; \">Jacare\u00ed &#8211; O  Rancho<\/p>\n\t\t\t<div class=\"wp-block-ub-content-toggle-accordion-toggle-wrap right\" style=\"color: #000000;\"><span class=\"wp-block-ub-content-toggle-accordion-state-indicator wp-block-ub-chevron-down open\"><\/span><\/div>\n\t\t<\/div>\n\t\t\t<div role=\"region\" aria-expanded=\"true\" class=\"wp-block-ub-content-toggle-accordion-content-wrap\" id=\"ub-content-toggle-panel-0-5c87299a-2f5c-44d6-a1a5-941fe83c23c7\">\n\n<p>Contato:<\/p>\n\n\n\n<ul>\n<li>site:\u00a0<a href=\"https:\/\/clubeorancho.com.br\/\">https:\/\/clubeorancho.com.br\/<\/a><\/li>\n\n\n\n<li>intagram: @clubeorancho<\/li>\n\n\n\n<li>telefone: (12) 97813-6556<\/li>\n<\/ul>\n\n\n\n<p>Estr. Rio Comprido, 2360 \u2013 Rio Comprido, Jacare\u00ed \u2013 SP,<\/p>\n\n<\/div>\n\t\t<\/div>\n\n<div class=\"wp-block-ub-content-toggle-accordion\" style=\"border-color: #f1f1f1;\" id=\"ub-content-toggle-panel-block-5c87299a-2f5c-44d6-a1a5-941fe83c23c7\">\n\t\t\t<div class=\"wp-block-ub-content-toggle-accordion-title-wrap\" style=\"background-color: #f1f1f1;\" aria-controls=\"ub-content-toggle-panel-1-5c87299a-2f5c-44d6-a1a5-941fe83c23c7\" tabindex=\"0\">\n\t\t\t<p class=\"wp-block-ub-content-toggle-accordion-title ub-content-toggle-title-5c87299a-2f5c-44d6-a1a5-941fe83c23c7\" style=\"color: #000000; \">S\u00e3o Jos\u00e9 dos Campos &#8211; S\u00f3 Armas &#8211; Loja e Clube de tiro<\/p>\n\t\t\t<div class=\"wp-block-ub-content-toggle-accordion-toggle-wrap right\" style=\"color: #000000;\"><span class=\"wp-block-ub-content-toggle-accordion-state-indicator wp-block-ub-chevron-down open\"><\/span><\/div>\n\t\t<\/div>\n\t\t\t<div role=\"region\" aria-expanded=\"true\" class=\"wp-block-ub-content-toggle-accordion-content-wrap\" id=\"ub-content-toggle-panel-1-5c87299a-2f5c-44d6-a1a5-941fe83c23c7\">\n\n<p><\/p>\n\n\n\n<p>R. Francisco Paes, 364 &#8211; Centro, S\u00e3o Jos\u00e9 dos Campos &#8211; SP.<\/p>\n\n\n\n<p>Telefone:\u00a0<a href=\"https:\/\/www.google.com\/search?gs_ssp=eJzj4tVP1zc0TEoqyirLjk82YLRSNaiwNElONkk0TkkyM00zSzU3tTKoSDKyMDJPTTOwME4xNjU0t_DiKM5XSCzKTSwGAF9NEqQ&amp;q=so+armas&amp;oq=so+armas&amp;gs_lcrp=EgZjaHJvbWUqEAgBEC4YrwEYxwEYgAQYjgUyCggAEAAY4wIYgAQyEAgBEC4YrwEYxwEYgAQYjgUyEAgCEC4YrwEYxwEYgAQYjgUyCAgDEAAYFhgeMggIBBAAGBYYHjIKCAUQABgKGBYYHtIBCDUzOTNqMGo3qAIAsAIA&amp;sourceid=chrome&amp;ie=UTF-8#\">(12) 3942-5496<\/a><\/p>\n\n<\/div>\n\t\t<\/div>\n<\/div>\n<\/div>\n\t\t<\/div>\n\n<div class=\"wp-block-ub-content-toggle-accordion\" style=\"border-color: #f1f1f1;\" id=\"ub-content-toggle-panel-block-2bcd411a-3f33-44c9-8c74-9ddcad09a2ee\">\n\t\t\t<div class=\"wp-block-ub-content-toggle-accordion-title-wrap\" style=\"background-color: #f1f1f1;\" aria-controls=\"ub-content-toggle-panel-1-4ff7f2f0-113f-4e18-847e-98e10e9d4733\" tabindex=\"0\">\n\t\t\t<p class=\"wp-block-ub-content-toggle-accordion-title ub-content-toggle-title-4ff7f2f0-113f-4e18-847e-98e10e9d4733\" style=\"color: #000000; \">Cursos e Treinamentos<\/p>\n\t\t\t<div class=\"wp-block-ub-content-toggle-accordion-toggle-wrap right\" style=\"color: #000000;\"><span class=\"wp-block-ub-content-toggle-accordion-state-indicator wp-block-ub-chevron-down\"><\/span><\/div>\n\t\t<\/div>\n\t\t\t<div role=\"region\" aria-expanded=\"false\" class=\"wp-block-ub-content-toggle-accordion-content-wrap ub-hide\" id=\"ub-content-toggle-panel-1-4ff7f2f0-113f-4e18-847e-98e10e9d4733\">\n\n<p><\/p>\n\n\n<div class=\"wp-block-ub-content-toggle wp-block-ub-content-toggle-block\" id=\"ub-content-toggle-block-3b6fe109-24c2-49ac-8630-d4b13ab1bf78\" data-mobilecollapse=\"false\" data-desktopcollapse=\"true\" data-preventcollapse=\"false\" data-showonlyone=\"true\">\n<div class=\"wp-block-ub-content-toggle-accordion\" style=\"border-color: #f1f1f1;\" id=\"ub-content-toggle-panel-block-55a32db7-2018-4cbf-a67a-7e5217d1989c\">\n\t\t\t<div class=\"wp-block-ub-content-toggle-accordion-title-wrap\" style=\"background-color: #f1f1f1;\" aria-controls=\"ub-content-toggle-panel-0-3b6fe109-24c2-49ac-8630-d4b13ab1bf78\" tabindex=\"0\">\n\t\t\t<p class=\"wp-block-ub-content-toggle-accordion-title ub-content-toggle-title-3b6fe109-24c2-49ac-8630-d4b13ab1bf78\" style=\"color: #000000; \">Vander Silva<\/p>\n\t\t\t<div class=\"wp-block-ub-content-toggle-accordion-toggle-wrap right\" style=\"color: #000000;\"><span class=\"wp-block-ub-content-toggle-accordion-state-indicator wp-block-ub-chevron-down\"><\/span><\/div>\n\t\t<\/div>\n\t\t\t<div role=\"region\" aria-expanded=\"false\" class=\"wp-block-ub-content-toggle-accordion-content-wrap ub-hide\" id=\"ub-content-toggle-panel-0-3b6fe109-24c2-49ac-8630-d4b13ab1bf78\">\n\n<p><\/p>\n\n\n\n<p><a href=\"https:\/\/www.instagram.com\/vander.silva_\">https:\/\/www.instagram.com\/vander.silva_<\/a><\/p>\n\n\n\n<p>Ensino CAC&#8217;s e detentores de Posse ou Porte de 4rm4 a encontrarem a precis\u00e3o de forma definitiva.<br>Curso de Tiro online Alfa 1.<\/p>\n\n<\/div>\n\t\t<\/div>\n<\/div>\n<\/div>\n\t\t<\/div>\n<\/div>\n<\/div>\n\t\t<\/div>\n<\/div>\n<\/div>\n\t\t<\/div>\n<\/div>","protected":false},"excerpt":{"rendered":"<p>Selecione abaixo treinamento desejado. Caso n\u00e3o encontre aquilo que procura, entre em contato que buscaremos um profissional adequado a atender sua demanda. Profissionais Parceiros<\/p>\n","protected":false},"author":1,"featured_media":0,"parent":0,"menu_order":0,"comment_status":"closed","ping_status":"closed","template":"","meta":{"_monsterinsights_skip_tracking":false,"_monsterinsights_sitenote_active":false,"_monsterinsights_sitenote_note":"","_monsterinsights_sitenote_category":0,"footnotes":""},"aioseo_notices":[],"featured_image_src":null,"_links":{"self":[{"href":"https:\/\/seguranca.gruposintese.com\/index.php\/wp-json\/wp\/v2\/pages\/25"}],"collection":[{"href":"https:\/\/seguranca.gruposintese.com\/index.php\/wp-json\/wp\/v2\/pages"}],"about":[{"href":"https:\/\/seguranca.gruposintese.com\/index.php\/wp-json\/wp\/v2\/types\/page"}],"author":[{"embeddable":true,"href":"https:\/\/seguranca.gruposintese.com\/index.php\/wp-json\/wp\/v2\/users\/1"}],"replies":[{"embeddable":true,"href":"https:\/\/seguranca.gruposintese.com\/index.php\/wp-json\/wp\/v2\/comments?post=25"}],"version-history":[{"count":13,"href":"https:\/\/seguranca.gruposintese.com\/index.php\/wp-json\/wp\/v2\/pages\/25\/revisions"}],"predecessor-version":[{"id":286,"href":"https:\/\/seguranca.gruposintese.com\/index.php\/wp-json\/wp\/v2\/pages\/25\/revisions\/286"}],"wp:attachment":[{"href":"https:\/\/seguranca.gruposintese.com\/index.php\/wp-json\/wp\/v2\/media?parent=25"}],"curies":[{"name":"wp","href":"https:\/\/api.w.org\/{rel}","templated":true}]}}